f k(-1).
2, 3, 7
Suppose -3 + 0 = -3*c. Suppose 7*r - 8*r - c = 0. List the prime factors of r + (5 - 4) + 10.
2, 5
Let v(h) = 81*h - 3317. List the prime factors of v(150).
11, 73
Let y(x) = -x**3 - x**2 + 2*x + 15. Let u be y(-3). Let k(d) = 21*d + 22. What are the prime factors of k(u)?
19, 31
Suppose -13*y + 20*y - 56870 = 18695. List the prime factors of y.
5, 17, 127
Suppose -15*t + 22*t = -21. Let i be -3 - t - (1 - (-1 - -128)). Let m = i - 38. List the prime factors of m.
2, 11
Suppose 12893*n - 12904*n = -546601. List the prime factors of n.
17, 37, 79
Let g be ((-1)/2)/(2 - (-17)/(-8)). Suppose p = -5*s - 18, 0 = 4*s - 0*s - g*p. Let j(h) = -18*h + 13. What are the prime factors of j(s)?
67
Suppose -38*p + 1508 + 307660 = 0. What are the prime factors of p?
2, 3, 113
What are the prime factors of (-4)/(-8) - ((-42138)/12 + 6)?
2, 1753
Suppose 45 = -15*w - 0*w. Let d be w*((-8)/20 + 3338/(-30)). Suppose -9*l = d - 2189. List the prime factors of l.
2, 103
Let l = 12 + 24. Let i = l - 32. Suppose -12 = i*x, -4*r + 3*r - 2*x = -116. List the prime factors of r.
2, 61
Suppose 21 = -j + 34. Suppose j*k - 22*k = -2970. What are the prime factors of k?
2, 3, 5, 11
Let s = 75756 - 48344. List the prime factors of s.
2, 7, 11, 89
List the prime factors of (-27 - -1921)*(-170)/(-20).
17, 947
Suppose -89*z = -82*z + 181*z - 5270016. List the prime factors of z.
2, 3, 73
Let h be ((-105)/(-9))/(-1*(-4)/3336). Suppose 0 = 51*p - 58*p + h. List the prime factors of p.
2, 5, 139
Let y = 28308 + -11621. List the prime factors of y.
11, 37, 41
Let s(c) = -20*c - 33. Let w be s(-2). Let x(n) = 6*n**2 + 9*n - 34. What are the prime factors of x(w)?
17, 19
Let f = 863 + -758. Suppose -i - 3*b = 13, -4*b = -3*i - i + 28. Suppose 2*k - 22 = -i*p - p, 0 = -5*k + 5*p + f. List the prime factors of k.
17
Suppose -245482 = -5*b - o, 5*b - 79395 - 166093 = -4*o. What are the prime factors of b?
2, 17, 19
Suppose 0 = 168*f + 173*f - 1041937 - 250112. What are the prime factors of f?
3, 421
Let t = -1371 + 1996. Let l = -91 + t. What are the prime factors of l?
2, 3, 89
Suppose 2*n = -2*z + 35 + 181, -3*n = -12. Let h(k) = -2*k - 18. Let o be h(11). Let r = o + z. List the prime factors of r.
2
Let g be (-4)/16 - (-6)/24. Suppose -3*o - 4*u + 123 = g, 5*o + 3*u = 142 + 63. What are the prime factors of o?
41
Let k = -13 + 7. Let h be ((-24)/15 + 2)*(-30)/k. List the prime factors of (81/18)/(h/(4*22)).
2, 3, 11
Suppose 5*f + 16*f - 42 = 0. Suppose 2*k - 4 = 0, f*x + 411 = -2*k + 1451. List the prime factors of x.
2, 7, 37
Suppose -8*d + 68636 + 161452 - 76320 = 0. What are the prime factors of d?
3, 43, 149
Let h = -17 + 26. Suppose h*c + 128 = 11*c. Let i = 136 - c. What are the prime factors of i?
2, 3
Suppose o + 5088 = -4*r, 25*r - 2*o + 1272 = 24*r. List the prime factors of 1/(4*(-6)/r).
53
Suppose 2*d - 266 = 346. Let q = 136 + d. What are the prime factors of q?
2, 13, 17
Let a = -20 - -22. Let q(x) = -3*x + 0*x**2 + 4*x**2 + 50 - 61 - a*x**2. What are the prime factors of q(4)?
3
Suppose -2*m - 11 = -3*w - 0*w, -4*w = 4. Let p be (-2)/m - (-520)/91. What are the prime factors of p*1*23/3?
2, 23
Let d be 6/8 + (-10815)/(-140). What are the prime factors of 41379/d + 2/(-4)?
2, 5, 53
Suppose -8*s - 42 = -15*s. Suppose s*f - f + 3*v - 6475 = 0, v = 5*f - 6495. List the prime factors of f.
2, 11, 59
Let t(j) = 440*j - 67. List the prime factors of t(14).
3, 677
Suppose 6*j - 2309 = 1771. Suppose b - 226 = -u, -b + 4*b + 4*u = j. Suppose 0*d - b = -d. What are the prime factors of d?
2, 7
Let l(b) = 25*b**2 + 10*b + 172. What are the prime factors of l(11)?
3307
Let v(j) = -j**3 - 7*j**2 + 10*j + 23. Suppose -5*a - 573 = -203. Let d = -84 - a. List the prime factors of v(d).
223
Let i = -299 - -299. Suppose 5*q - 8*w - 1460 = -13*w, -q - 3*w + 290 = i. List the prime factors of q.
293
Suppose 0 = 3*z + z + 4*b - 96, -3*z + 76 = 5*b. Let m(n) = -n**3 + 21*n**2 + 20*n + 42. Let w be m(z). What are the prime factors of (-339)/w + 9/18?
2, 5, 17
Let x(v) be the first derivative of v**3/2 - 19*v**2 + 3*v - 13. Let l(r) be the first derivative of x(r). What are the prime factors of l(17)?
13
Let a = 303 + -502. Let c = -119 - a. Let x = c - 46. What are the prime factors of x?
2, 17
Suppose -9*h + 4*h + 20 = 0. Let r be h/9 - 2957/(-9). Suppose -r = -j - 86. What are the prime factors of j?
3
Let l(a) = a**3 - 5*a**2 - 5. Let c be l(6). Suppose 5*p = -0*n - 4*n + c, -n + 16 = 4*p. What are the prime factors of 82 + n + (-4 - -4)?
2, 43
Let k be 193 - 15/(1 - -4). Let v = -80 + k. List the prime factors of v*2/(-20)*-4.
2, 11
Suppose 4*s = -m + 44544 - 157, 5*m - 221983 = 4*s. What are the prime factors of m?
5, 13, 683
Suppose 33 + 37 = -7*l. Let i = l - -131. Let w = -21 + i. What are the prime factors of w?
2, 5
Let k = 22 + -13. Suppose -k*m + 5*m = -484. Let a = m - 67. List the prime factors of a.
2, 3
Let s(f) = f**3 + 8*f**2 - 35*f + 2. Let r = -349 - -357. What are the prime factors of s(r)?
2, 373
Let y(k) = 54*k - 69. Let q be y(11). Let h = 1246 - q. List the prime factors of h.
7, 103
Suppose -c + 2 - 1 = 0, 3*m - 4*c - 26 = 0. Suppose 0 = 2*k - 2*g - 104, -3*k + k - g + 119 = 0. Suppose m*v = 553 + k. What are the prime factors of v?
61
Suppose 4*o + h = 42620, -10676 = -o - 55*h + 60*h. List the prime factors of o.
2, 3, 37
Let w be (-3)/(12/712) - 0. Let n = 74 - w. List the prime factors of n.
2, 3, 7
Let y be 10/75 - 92/15. List the prime factors of y/(13/((-741)/6)).
3, 19
Let x(i) = 3*i**2 - 22*i - 5. Let l(q) = 1. Let k(h) = 6*l(h) + x(h). Let j(g) = 11*g**3 - 4*g**2 + 2*g + 1. Let o be j(1). What are the prime factors of k(o)?
3
Let k(q) = 27*q**3 - q**2 + 4*q + 8. Let z be k(-2). Let b(c) = -c**3 + 17*c**2 - 5*c + 2. Let s be b(7). Let u = z + s. What are the prime factors of u?
3, 79
Let l(v) = -7*v + 28. Let o be l(2). Let f(c) = 85*c + 193. List the prime factors of f(o).
3, 461
Suppose -559 = t + t + 3*o, t + 2*o = -281. Let p = -110 - t. Let b = 296 - p. List the prime factors of b.
131
Let o(n) = -n**2 + 13*n - 38. Suppose -23 = -3*h + 10. Let r be o(h). List the prime factors of r/24 + (-790)/(-6).
131
Let k(c) = -2*c**2 + 39*c + 59. Let w be k(24). Let x = w + 109. What are the prime factors of ((-156)/(-5))/(x/(-320))?
2, 13
Let v(u) = -49*u - 523. What are the prime factors of v(-67)?
2, 3, 5, 23
Suppose 16*c - 12*c = 20. Suppose -2*w = -4*k + w + 305, -w - 395 = -c*k. Suppose 0*z = 2*z - k. List the prime factors of z.
2, 5
Suppose -3*b + 329*d + 6570 = 332*d, -5*b - 2*d = -10968. List the prime factors of b.
2, 3, 61
Suppose 0 = 5*o + 5*s - 40, 5*o - 20 = -0*s - s. Suppose -o*w + 2790 = 3*y, -2*w = -0*y + 4*y - 3724. What are the prime factors of y?
2, 233
Suppose -101*g + 7*g - 14*g + 192672 = 0. What are the prime factors of g?
2, 223
What are the prime factors of ((-8)/16)/((-26)/530972)?
10211
Let y = 37 - 15. Let w = -2303 + 2347. List the prime factors of 1998/y + (32/w)/4.
7, 13
Let r = 41569 + -80595. List the prime factors of 1/3 - r/39.
7, 11, 13
List the prime factors of 8*30746*(-15)/(-120).
2, 15373
Let d(i) = -5*i**3 + 4*i**2 - 3*i. Let s be d(3). Let w = 10 - s. List the prime factors of w.
2, 59
Let w = -30 + 48. Let o(b) = -b**3 - 14*b**2 - 11*b - 22. Let l be o(-13). Let g = w - l. What are the prime factors of g?
2, 3, 11
Let g(v) be the second derivative of -v**5/10 - v**4/2 + 7*v**2/2 - 4*v - 7. What are the prime factors of g(-6)?
223
Suppose 3*m = -2*a + 58, -4*m + 0*a + 77 = 3*a. Suppose 0 = 4*w, -5*p + 45 = -w - m. Suppose p*i = 6*i + 532. What are the prime factors of i?
2, 19
Suppose 0 = 37*x - 3516 - 1294. List the prime factors of x.
2, 5, 13
Let q be ((-17)/17)/(3/(-4626)). Suppose -890*o = -896*o + q. List the prime factors of o.
257
Suppose h - k + 4*k + 13 = 0, 4*h + k = -8. Let z be ((-2 - -2)/(-2))/h. Suppose z = 2*d - 14 + 2. List the prime factors of d.
2, 3
Let w(v) = -29*v - 109. Suppose -3*c + 0*p = -p + 119, 0 = 2*p + 8. List the prime factors of w(c).
2, 3, 5
Let g = -4840 - -40268. Suppose g = 17*x + 1326. What are the prime factors of x?
2, 17, 59
Let f(c) = 2*c**2 + 22*c - 15. What are the prime factors of f(16)?
3, 283
Let i = -24368 - -43988. List the prime factors of i.
2, 3, 5